(x) = -4*x + 17. Let r be j(0). Suppose 0 = 14*f - r*f + 447. Is f a composite number?
False
Suppose -3*x - 4*q - 204 = 0, -354 = 5*x + q + q. Let d = -5 - x. Is d a composite number?
False
Let g = -9 + 11. Suppose -d = -g*h - 33, 3*d + 2*h - 73 = 26. Let r = d - -58. Is r a composite number?
True
Let r(j) = j**2 + 4*j + 2. Let o be r(0). Let l(k) = 53*k**2 - k + 1. Is l(o) composite?
False
Let x(l) = -111*l - 16. Let n = 140 + -155. Is x(n) composite?
True
Suppose d + 15 = -4*d. Is (-24)/16*3134/d a composite number?
False
Let i = 18107 - 8596. Suppose -4*f + 8164 = 3*r, 0 = 5*f - 4*r - 694 - i. Is f composite?
True
Let p = 221 - -873. Is p a prime number?
False
Let s(v) = v**3 + 21*v**2 - 35*v - 10. Let a be s(-24). Let p = 289 - a. Is p prime?
True
Let i = -4141 + 12992. Is i a composite number?
True
Suppose 2*m = -5*x + 5*m + 21, -2*m = 4. Suppose 0 = -h + x - 1. Suppose h*p - 598 = -3*a, -5*a + 994 = -0*a + 4*p. Is a composite?
True
Let j(z) = -2*z**3 - 2*z**2 - 7*z + 17. Let y be j(-7). Suppose 4*t + t = 5*k - 830, 4*k = 2*t + y. Is k a prime number?
False
Suppose -60*i - 166879 + 704659 = 0. Is i prime?
True
Let x(n) = 3*n**2 - 10*n - 3. Suppose 3*g = 4*m - 11, 0*m + 21 = -m - 4*g. Let f be (64/48)/(m/(-6)). Is x(f) a prime number?
True
Let q = -40925 + 63754. Is q a prime number?
False
Suppose -5*x + 91423 = 3*m - 308834, 0 = -5*x - 4*m + 400261. Is x a composite number?
True
Suppose 0*j - 7*j + 42 = 0. Suppose 5*f + 6 = j*f. Suppose 8*d - 614 = f*d. Is d a composite number?
False
Suppose -3*z = -5633 - 20002. Is z a composite number?
True
Let z = 34913 - -7346. Is z a composite number?
True
Let l = -4846 - -11465. Is l a composite number?
False
Let r(o) = o**3 - 15*o**2 - 2*o + 8. Let s be r(15). Let d = -17 - s. Suppose i - 108 = 2*f, -580 = -d*i - 0*f + 2*f. Is i a prime number?
False
Let p be ((-2)/(-4))/((-3)/(-3516)). Suppose -q + 4*y = -299, y - p = -2*q + 5*y. Is q a composite number?
True
Let n = -8070 - -15685. Suppose 3*z + 3815 = -0*b + 2*b, z + n = 4*b. Is b a prime number?
False
Suppose -209 = -3*j + 115. Let u = j - 176. Let h = u - -289. Is h a prime number?
False
Suppose -39882 = 21*z - 18*z. Let r = z + 19245. Is r prime?
False
Let o(v) be the third derivative of -5621*v**4/24 + v**3/3 + 20*v**2. Is o(-1) a composite number?
False
Let w = -28 + 33. Suppose w*y = 25, 4*d - 5*y = 7493 + 350. Is d a prime number?
False
Let x = 27 - 25. Suppose x*s - 5*i - 1002 = 0, 4*s + i = 2*i + 2040. Is s a prime number?
False
Suppose -9*p = -3*p - 1098. Let u = p + -98. Is u composite?
True
Let u(k) = -636*k + 137. Is u(-21) prime?
False
Let x(n) = -7*n**2 - 2*n + 5. Let g be x(-5). Let c = 383 + g. Is c prime?
True
Suppose 5*j + 4*s = 12, 3*s - 8 = 7*s. Suppose j*u = -p + 434, -8 = -3*u - 4*p + 311. Is u composite?
False
Let f = -13 - -28. Let i be 8/6 - (-1750)/f. Suppose -3*m - i = -u - 0*m, 2*m - 641 = -5*u. Is u a prime number?
True
Suppose 2*c + 183391 = 15*c. Is c prime?
True
Let a = 8 - 3. Suppose 0 = 5*d - 1310 - 660. Suppose a*m - 400 = -5*y, 5*m - y - d = -0*m. Is m prime?
True
Let i = -39 - -47. Is ((-12)/i)/(9/(-318)) a prime number?
True
Let a(c) = 46*c. Let m(q) = -506*q. Let s(w) = 46*a(w) + 4*m(w). Let g be s(1). Suppose 0 = 2*i - 162 - g. Is i prime?
True
Suppose 0 = m - 4*m + 8046. Let q = -12 - -7. Is (-3 - q)*m/12 a prime number?
False
Let x(w) = 734*w - 11. Suppose 0 = -2*b + 5*p - p, p = 3. Is x(b) prime?
False
Let i(f) be the first derivative of f**4/2 - 10*f**3/3 + 3*f**2 - 17*f - 19. Is i(10) prime?
False
Suppose -2*p = c - 1, -2*c = -3*p - 0*p - 16. Let f(g) = -g - 1. Let m(h) = 92*h - 11. Let u(r) = -5*f(r) + m(r). Is u(c) a composite number?
False
Suppose 12*v = 17*v - 3*y - 192220, 192240 = 5*v + y. Is v a prime number?
True
Let w(o) = 110*o**3 - 5*o**2 + 2*o - 1. Let d be w(3). Suppose d = -42*p + 47*p. Is p prime?
False
Let m(f) = 5 - 141*f - 97*f - 207*f. Is m(-2) prime?
False
Suppose r - 2*s - 1688 = 0, 3371 = 2*r - 0*r - 3*s. Suppose r = -i + 3*i. Is i a prime number?
True
Suppose 0 = -4*g + 5*f, -3*g + 0*f = -2*f. Suppose g*q = q - 3. Suppose t - 145 = -4*r, -q*r - 3*t = t - 125. Is r a prime number?
False
Suppose 4*i - 15 = -23. Is (-7496)/(-40) + i/5 composite?
True
Let c(u) = 14*u - 19. Let i(w) = 70*w - 95. Let h(z) = 11*c(z) - 2*i(z). Is h(12) prime?
True
Suppose 30 = -2*r + 46. Is ((-332)/16)/((-2)/r) prime?
True
Let l = 24 - 22. Suppose -i = -3*i - 4*o + 658, o = l*i - 643. Is i composite?
True
Suppose 3*c = -12, -r - c = -2493 - 832. Is r prime?
True
Let d be 2/((-8)/(-388))*2. Suppose d = 3*f - f. Is f prime?
True
Let n = -2033 - 3243. Is 3/((24/n)/(-2)) composite?
False
Is 5 + (5 - 7) + 99640 a prime number?
True
Let y = -890 - 420. Let b = -655 - y. Is b prime?
False
Let m(l) = l**3 - 8*l**2 + l - 1. Let y be m(8). Suppose 2*c = y*c - 365. Suppose -3*o - 7 = -c. Is o prime?
False
Suppose 0 = 35*s - 300458 + 53043. Is s prime?
True
Let c be (1018/5)/((-15)/75). Let r = -387 - c. Is r a composite number?
False
Suppose 5*t + 10888 = 13*t. Is t a prime number?
True
Suppose 3*d + 8*a = 4*a + 2947, 4*d = 4*a + 3892. Is d composite?
False
Suppose 70*o + 304856 = 78*o. Is o a prime number?
False
Suppose 0 = 2*i + 4*w - 3*w - 1259, -i + 4*w + 643 = 0. Is i a prime number?
True
Let q be (-220)/(-77)*3073/2. Let o = q - 1583. Is o prime?
False
Suppose 3*m + 2*q = 2587, 4*q - 5*q = 2*m - 1726. Is m a prime number?
False
Suppose 3*h + 0*u = u + 8994, 0 = h + 5*u - 3014. Is h a composite number?
False
Suppose 56*r - 375437 - 251595 = 0. Is r prime?
True
Suppose -3*x = 103 - 1060. Is x prime?
False
Suppose -28*z = 1965 - 8209. Is z a prime number?
True
Let p(w) = 3*w + 109. Let m = 22 - 22. Is p(m) prime?
True
Let k(d) = -8*d**2 - 22*d + 57. Let s(p) = -8*p**2 - 21*p + 57. Let w(h) = 4*k(h) - 5*s(h). Is w(26) a prime number?
False
Let g(b) = b + 3. Suppose 11 = f - 2*m, -2*m - 5 + 0 = f. Suppose -2*a = 5*x - 2 - 7, 0 = 4*x + 5*a + f. Is g(x) composite?
True
Let p(w) = 662*w - 679. Is p(5) composite?
True
Suppose -6*t + 575 = -187. Is t prime?
True
Let k(q) = q**3 - 16*q**2 - 31*q - 27. Is k(22) a composite number?
True
Let a = 3963 + -2420. Is a a composite number?
False
Suppose 0 = 37*i - 130828 - 49029. Is i prime?
True
Let p be (-2)/8 + 3601/4. Suppose -2*b = -p - 638. Is b composite?
False
Suppose -32*k + 5*k + 624807 = 0. Is k a composite number?
True
Let x = -209 - -313. Suppose 2*q - 3*y + x - 483 = 0, 2*y + 380 = 2*q. Is q a prime number?
True
Suppose -n - 7 = -19. Let q = n + -8. Suppose 56 = 4*w + 2*m, -w + q*w - 2*m = 42. Is w a prime number?
False
Let g(z) = -2*z**3 - 15 + 5*z + 4*z**3 + 1 + 0. Is g(7) a composite number?
True
Let s = 371 - 208. Let k = s + 22. Is k a prime number?
False
Let w(j) = j + 12. Let f be w(-9). Suppose 36 = f*s - s. Let p = 397 + s. Is p a composite number?
True
Suppose 18*n - 38358 = 141912. Is n a composite number?
True
Let i = 56158 + -27515. Is i prime?
True
Let u(d) = -6*d. Let v be u(1). Let c(y) = -4*y - 46. Let o be c(-11). Is o/v - (-2692)/6 composite?
False
Let t(x) = 840*x + 167. Is t(13) a prime number?
True
Let t(b) = 2*b**2 - 11*b - 11. Let w(f) = -2*f - 4. Let v be w(2). Is t(v) composite?
True
Let g be 4/(-14) + (-247)/(-7). Suppose 5*x + 0 - g = 0. Suppose -x*n + 4*n + 30 = 0. Is n prime?
False
Is ((-604)/(-5))/(4/10) a composite number?
True
Suppose 0 = -4*f - 4*q + 8, -2*q + 20 = 4*f - q. Is f/15 - (-886)/10 a prime number?
True
Let n(k) = 23*k**3 - k**2 + 2*k + 1. Suppose 0 = -15*s + 16*s - 2. Is n(s) composite?
True
Let y = -5978 - -18819. Is y a composite number?
False
Let h(m) = -1358*m + 23. Is h(-4) a composite number?
True
Let k be -39 - (-3 - 12)/5. Let b = 293 + k. Is b composite?
False
Suppose -3*o + 26475 = 5*y - 7*o, 2*o = -5*y + 26475. Suppose 2*v = -5*n + y, -3*n + 4*v + 3208 = -v. Is n prime?
True
Let i = 1061 + 570. Is i a prime number?
False
Suppose 55*n - 71053 = 14*n. Is n a prime number?
True
Suppose 2*c - 23653 = 5*t, 57*c - 3*t = 59*c - 23629. Is c a prime number?
False
Suppose -2*b + 128 = -2*o, 0 = -o - 5*b - 0*b - 46. Let v = o + 508. Is v a prime number?
False
Let c(n) = n**3 + 15*n**2 + 29*n + 19. Let z be c(-13). Let l(a) = -a**3 - 16*a**2 + 46*a + 29. Is l(z) composite?
False
Suppose -7*x = -22*x + 9615. Is x a